 highest common divisor of 637 and 21?
7
What is the greatest common factor of 1608 and 120?
24
Calculate the highest common factor of 428 and 321.
107
What is the greatest common divisor of 756 and 588?
84
Calculate the highest common divisor of 7758 and 18.
18
Calculate the highest common factor of 285 and 105.
15
Calculate the highest common divisor of 814 and 222.
74
What is the greatest common divisor of 24 and 2220?
12
Calculate the highest common divisor of 18 and 141.
3
What is the greatest common divisor of 74040 and 120?
120
What is the highest common factor of 88 and 64?
8
Calculate the highest common factor of 94 and 4042.
94
Calculate the greatest common divisor of 23 and 3749.
23
What is the highest common divisor of 468 and 72?
36
Calculate the highest common factor of 396 and 72.
36
Calculate the greatest common factor of 45218 and 92.
46
What is the greatest common factor of 194 and 1?
1
What is the greatest common factor of 57 and 152?
19
What is the greatest common divisor of 608 and 56?
8
What is the highest common divisor of 3744 and 117?
117
What is the greatest common factor of 23903 and 106?
53
Calculate the highest common divisor of 3706 and 34.
34
What is the highest common divisor of 368 and 1886?
46
Calculate the greatest common factor of 310 and 20.
10
What is the greatest common divisor of 10 and 370?
10
What is the greatest common factor of 198 and 132?
66
Calculate the greatest common factor of 492 and 12.
12
What is the greatest common divisor of 4433 and 186?
31
What is the highest common factor of 1012 and 132?
44
Calculate the greatest common divisor of 224 and 140.
28
What is the greatest common factor of 675 and 30?
15
What is the highest common factor of 3145 and 170?
85
Calculate the greatest common factor of 104 and 1209.
13
Calculate the greatest common factor of 33 and 55.
11
Calculate the highest common divisor of 105 and 245.
35
Calculate the highest common divisor of 1254 and 342.
114
Calculate the highest common divisor of 15 and 2370.
15
What is the greatest common factor of 34 and 1649?
17
What is the highest common factor of 90 and 153?
9
Calculate the greatest common factor of 649 and 531.
59
Calculate the highest common divisor of 819 and 26.
13
What is the greatest common divisor of 273 and 2289?
21
What is the greatest common divisor of 265 and 477?
53
What is the highest common factor of 36 and 3798?
18
Calculate the highest common divisor of 8 and 1016.
8
What is the highest common divisor of 102 and 2703?
51
What is the highest common divisor of 335 and 1809?
67
What is the highest common divisor of 1432 and 3759?
179
Calculate the highest common divisor of 255 and 15.
15
Calculate the highest common factor of 12050 and 100.
50
Calculate the highest common factor of 6585 and 45.
15
What is the greatest common factor of 15 and 12?
3
Calculate the highest common divisor of 69 and 46.
23
Calculate the greatest common factor of 5 and 15.
5
Calculate the greatest common divisor of 69252 and 58.
58
Calculate the greatest common factor of 545 and 109.
109
What is the greatest common factor of 770 and 70?
70
Calculate the greatest common factor of 2323 and 1616.
101
Calculate the highest common factor of 220 and 77.
11
What is the greatest common factor of 45 and 90?
45
Calculate the greatest common factor of 15 and 120.
15
Calculate the greatest common divisor of 286 and 52.
26
Calculate the greatest common factor of 1020 and 435.
15
What is the highest common factor of 41 and 5?
1
Calculate the greatest common factor of 80 and 460.
20
Calculate the greatest common divisor of 13482 and 252.
126
Calculate the highest common factor of 156 and 364.
52
What is the greatest common factor of 493 and 29?
29
What is the highest common factor of 325 and 1700?
25
What is the highest common factor of 56 and 104?
8
What is the highest common factor of 4686 and 22?
22
Calculate the highest common divisor of 3111 and 153.
51
What is the highest common factor of 13 and 8749?
13
What is the greatest common divisor of 6 and 21?
3
What is the highest common divisor of 12427 and 172?
43
What is the greatest common factor of 342 and 1919?
19
Calculate the highest common factor of 120 and 760.
40
What is the greatest common factor of 231 and 363?
33
What is the highest common divisor of 18 and 186?
6
Calculate the greatest common divisor of 17 and 901.
17
Calculate the greatest common factor of 50 and 150.
50
What is the greatest common factor of 1902 and 156?
6
Calculate the highest common factor of 53 and 2120.
53
Calculate the highest common factor of 196 and 37436.
196
Calculate the highest common divisor of 268 and 201.
67
Calculate the greatest common factor of 60 and 500.
20
What is the greatest common divisor of 1488 and 6?
6
Calculate the highest common factor of 6 and 438.
6
Calculate the highest common factor of 26120 and 40.
40
What is the highest common factor of 544 and 51?
17
Calculate the greatest common factor of 174 and 13050.
174
What is the highest common divisor of 4104 and 570?
114
What is the greatest common divisor of 51 and 731?
17
Calculate the greatest common factor of 137 and 411.
137
Calculate the greatest common factor of 14 and 91.
7
Calculate the greatest common factor of 660 and 15.
15
Calculate the greatest common factor of 42 and 1456.
14
Calculate the highest common factor of 4 and 26.
2
What is the greatest common factor of 235 and 799?
47
Calculate the highest common factor of 3 and 699.
3
Calculate the highest common factor of 8 and 1384.
8
Calculate the highest common divisor of 84 and 40796.
28
What is the greatest common factor of 9 and 61?
1
What is the highest common factor of 416 and 13?
13
Calculate the greatest common factor of 39 and 624.
39
What is the highest common divisor of 48 and 80?
16
Calculate the highest common divisor of 1197 and 1596.
399
Calculate the highest common divisor of 2567 and 17.
17
What is the greatest common factor of 190 and 20?
10
What is the greatest common divisor of 187 and 671?
11
Calculate the greatest common divisor of 72 and 612.
36
Calculate the greatest common divisor of 4368 and 494.
26
What is the greatest common factor of 512 and 64?
64
Calculate the highest common factor of 70 and 210.
70
Calculate the highest common factor of 153 and 6103.
17
What is the greatest common factor of 3140 and 140?
20
Calculate the highest common factor of 49 and 2401.
49
Calculate the highest common divisor of 1017 and 791.
113
What is the highest common factor of 17 and 3?
1
What is the highest common divisor of 6783 and 2856?
357
Calculate the greatest common divisor of 198 and 72.
18
Calculate the highest common divisor of 528 and 96.
48
Calculate the greatest common factor of 11690 and 140.
70
Calculate the highest common divisor of 190 and 80.
10
What is the greatest common factor of 1794 and 624?
78
Calculate the highest common divisor of 943 and 529.
23
Calculate the highest common divisor of 16 and 1232.
16
What is the highest common divisor of 858 and 156?
78
Calculate the highest common factor of 27 and 216.
27
Calculate the highest common divisor of 225 and 69975.
225
Calculate the greatest common divisor of 25 and 65.
5
What is the highest common factor of 462 and 33?
33
What is the greatest common factor of 294 and 686?
98
What is the greatest common divisor of 81 and 1737?
9
What is the greatest common divisor of 17 and 51?
17
Calculate the highest common factor of 36 and 84.
12
What is the highest common divisor of 122 and 5734?
122
What is the highest common factor of 496 and 1328?
16
What is the greatest common divisor of 51 and 9911?
17
Calculate the highest common factor of 338 and 4966.
26
Calculate the highest common factor of 91 and 273.
91
What is the highest common divisor of 484 and 22?
22
What is the highest common factor of 60 and 1830?
30
Calculate the highest common factor of 13493 and 131.
131
What is the greatest common divisor of 159 and 13462?
53
What is the highest common divisor of 88 and 572?
44
What is the highest common factor of 297 and 44?
11
What is the greatest common divisor of 17 and 10897?
17
What is the highest common factor of 168 and 21?
21
Calculate the greatest common factor of 680 and 425.
85
